+ 4*u = 280. Let x = m + -38. List the prime factors of x.
2, 3
Suppose -4*d - 10 = -9*d. Suppose 5*k + 0*t + 32 = -2*t, d*k + t + 13 = 0. Let q = 11 + k. List the prime factors of q.
5
Let v = -53 + 97. What are the prime factors of v?
2, 11
Suppose 9 = 3*a + 5*p, -2*p - 13 = -a - 7*p. Let h(g) be the first derivative of 2*g**3/3 - g - 1. What are the prime factors of h(a)?
7
Let w(p) be the third derivative of 0 - 5/3*p**3 + 1/120*p**6 - 1/6*p**5 + 0*p + 3*p**2 + 1/12*p**4. List the prime factors of w(10).
2, 5
Suppose -4*y - 111 = -5*l - 0*y, 4*l = 5*y + 87. Suppose 3*t = 119 - l. What are the prime factors of t?
2
Let t be (-5)/(-2)*(-8)/(-10). Suppose -2*r - 5*v + 7 = 0, -v - t*v = -3*r. Suppose -43 = -4*l + r. List the prime factors of l.
11
Let f(c) = c**3 - 8*c**2 + c - 8. Let j be f(8). Suppose 16 = -j*g + g. What are the prime factors of g?
2
Let j = -27 - -15. Let p = 24 + j. What are the prime factors of p?
2, 3
Suppose -34 - 198 = -2*y. List the prime factors of y.
2, 29
Suppose -v + k + 28 + 40 = 0, -3*k + 174 = 3*v. List the prime factors of v.
3, 7
Let n(l) = 5*l + 3. What are the prime factors of n(6)?
3, 11
Suppose 5*u - 2*q + 16 = -6*q, 3*q = 3. Let y(d) = -d**2 - 7*d + 9. What are the prime factors of y(u)?
3, 7
Let c(u) = 17*u**2 - 4*u - 11. What are the prime factors of c(-3)?
2, 7, 11
Let a be 1/1 + 9*-3. Let g = -15 - a. What are the prime factors of g?
11
Suppose 4*d = 5*b - 1247, 1002 = 3*b + b - d. Suppose -4*h + b = 95. List the prime factors of h.
3, 13
Suppose -4*d = -7*d. Let s = -8 - d. Let f = s - -14. What are the prime factors of f?
2, 3
Let t = 68 + -9. List the prime factors of t.
59
Let p be (1 + 0 + -1)/(-2). Let v be -2*(2 + p - 17). Suppose 5*w - 20 = v. What are the prime factors of w?
2, 5
Let c(p) = p**2 + 5*p + 1. Let h be c(-5). Suppose -h - 1 = -y. Suppose -4*u + 34 = -2*l, -2*l = -u + y*l - 9. What are the prime factors of u?
11
Let v = -12 - -17. Suppose 4*s + 3*n - 17 = 27, v*s - 24 = 4*n. List the prime factors of s.
2
Let j = -90 - -135. List the prime factors of j.
3, 5
Suppose -392*d = -389*d - 189. What are the prime factors of d?
3, 7
Let k(y) = y**2 - y - 52. Let f be k(0). Let d be (-2)/(-4) + f/8. Let g(h) = -h**3 - 6*h**2 - 2*h. List the prime factors of g(d).
2, 3
Let s(m) = m**3. Let d(a) = -3*a**3 - 9*a**2 - 7*a + 5. Let w(q) = -d(q) - 2*s(q). What are the prime factors of w(-8)?
3
Suppose -3*s = -0*s - 273. List the prime factors of s.
7, 13
Let d be 1/(-7) - 55/7. Let l = -26 - -13. Let v = d - l. What are the prime factors of v?
5
Let l(v) = -v**2 - 10*v - 1. Let j be l(-9). Suppose 4*h - 11 - j = -q, -3*q = -5*h + 28. Suppose -w + h*d = 8, 4*d - 5 = w - 0*d. List the prime factors of w.
7
Let u(i) be the third derivative of 5/24*i**4 + 0*i + 0 + 1/60*i**5 - 5/6*i**3 + i**2. What are the prime factors of u(-7)?
3
Suppose 3*l + 5*i - 1064 = 0, 3*l - 4*i + 181 - 1209 = 0. List the prime factors of l.
2, 3, 29
Suppose 3*o + 5*y = 1035, 3*o - 431 = 4*y + 577. List the prime factors of o.
2, 5, 17
Let z = 7 - 5. Suppose -3*p - z*f + 13 = -6, 0 = -p + f - 2. Suppose 2*q - 6 = -2*o, p*o + 3*q = 2*q + 11. List the prime factors of o.
2
Suppose 13 - 5 = 2*p. Suppose h + p*h - 40 = 0. List the prime factors of h.
2
Let x(f) = 4*f**3 + f. Let w be x(1). Suppose 4*l - 3 = w. List the prime factors of l.
2
Let k(y) = y**2 + y. Let i = -4 + 7. Suppose -i = 5*v + 12. List the prime factors of k(v).
2, 3
Suppose 131 = 4*s - 73. What are the prime factors of s?
3, 17
Suppose -8 = 4*w, 0 = -j - 3*w + 19. What are the prime factors of j?
5
Let n(w) = w**3 - 7*w**2 - 4*w + 6. What are the prime factors of n(8)?
2, 19
Suppose -o + 5*r = 27, 2*o = -2*o + 3*r - 40. Let c = 13 + o. What are the prime factors of c?
2, 3
Suppose -2*i + 15 = -81. What are the prime factors of i?
2, 3
Suppose -4*x + 21 = 2*h - 9*x, 41 = 3*h + 2*x. Suppose 2*j + c - 17 = 0, -4*j + 2*j + 3*c = -h. List the prime factors of j.
2
List the prime factors of 1*(89/1 + 1).
2, 3, 5
Let i = 312 + -64. What are the prime factors of i?
2, 31
Suppose -2*b = 5*x - 56, b = 4*x - 3*x + 21. List the prime factors of b.
23
Let g(n) be the third derivative of -n**5/60 + 3*n**4/8 + 5*n**3/6 + 4*n**2. What are the prime factors of g(9)?
5
Suppose -4*k + 4 = -5*g, 17 + 5 = k + 4*g. Suppose -49 + 169 = -2*a. List the prime factors of a/8*(-8)/k.
2, 5
Suppose -5*d + 76 = 26. Let o = 6 + -3. Suppose -o*l = -4*x + d, 3*x - 18 = -3*l - 0*l. List the prime factors of l.
2
Suppose 0*z + 803 = 4*z + n, 3*n - 389 = -2*z. List the prime factors of z.
2, 101
Let y(u) = -14*u**2. Let w be y(-1). Let r = 4 + -11. Let k = r - w. What are the prime factors of k?
7
Let o(d) = d**3 + 7*d**2 + 5*d + 4. Let p(r) = -r - 5. Let f be p(-5). Let t be (-1 - 11)/2 - f. What are the prime factors of o(t)?
2, 5
Suppose -2*b + 2*z = -3*b + 9, 0 = -b + z. Let o = -9 + b. List the prime factors of (o/(-10) + 0)*5.
3
Suppose 122 = 5*l - 28. List the prime factors of l.
2, 3, 5
List the prime factors of (-34)/(-4 - (-8)/4).
17
Let k = -7 - 3. Let c = k + 18. List the prime factors of c.
2
Let r(s) = s**3 + 13*s**2 + 16*s + 16. Let z be r(-12). List the prime factors of -1 + 2 - z - 1.
2
Suppose 15 = -3*m - 0*m. Let n(y) = -y**3 - 4*y**2 + 6*y - 1. Let a be n(m). What are the prime factors of (-4)/a - (-10)/3?
2
Let b = 15 + -10. Suppose 3*f - 3*d = 291, f + b*d + 23 = 144. Suppose 4*n + f = 5*q, -4*q - 2*n + 48 = 3*n. What are the prime factors of q?
17
Let n(t) = 2*t**2 - 1. What are the prime factors of n(-3)?
17
Suppose -5*r + 16 = -r. Suppose r*v = -v + 120. Suppose 6*y = 2*y + v. What are the prime factors of y?
2, 3
Let r = 108 + -156. Let l = -30 - r. What are the prime factors of (-14)/21*l/(-4)?
3
Suppose -q + 11 = -3*c, 0 = -0*c + c + 4*q + 21. Let p(j) = j**2 - 5*j - 2. Let t be p(5). Let v = t - c. List the prime factors of v.
3
Let o be (-39)/2*(-36)/27. Suppose 3*y + 68 = 2*p, 0 = p - y - o - 6. Suppose -s = 5*t - 28, -2*s - 5*t = -18 - p. What are the prime factors of s?
2, 3
Suppose 19 - 3 = -2*f. What are the prime factors of (-19)/4*(4 + f)?
19
Let p(m) = m - 4. Let g be p(7). What are the prime factors of 3 - (g - -12)/(-1)?
2, 3
Suppose -2*p - 4 = 2. Let s be (21/(-7))/((-1)/p). Let v(a) = -a**3 - 8*a**2 + 7*a - 5. List the prime factors of v(s).
13
Suppose 4*t + 12 = 0, 0 = -4*n - t + 386 - 25. What are the prime factors of n?
7, 13
Let f = -51 + 64. What are the prime factors of f?
13
Suppose 0 = -4*c - 0*c + 12. Let y be c/(-9) - (-7)/3. Suppose 18 = 2*r - 4*o, -3*r - 18 = -7*r + y*o. List the prime factors of r.
3
Let l = 20 + 0. What are the prime factors of l?
2, 5
Suppose 2*h - 55 = 73. List the prime factors of h.
2
Suppose 4*u = 3*g + 602, -205 - 103 = -2*u - 2*g. List the prime factors of u.
2, 19
Let v = 16 - 10. Let u = v + -2. Suppose u - 14 = -2*g. List the prime factors of g.
5
Suppose 12*t = 7*t + 20. Let c(y) be the second derivative of y**4/12 - y**3/6 - 5*y**2/2 - y. List the prime factors of c(t).
7
Let r(q) = q**3 + 15*q**2 + 23*q - 5. What are the prime factors of r(-11)?
2, 113
Let c = 76 + -54. List the prime factors of c.
2, 11
Let u(v) = 5*v + 2. List the prime factors of u(5).
3
Suppose -3*v = 2*v - 10, -10 = -2*a - 5*v. Suppose -q - 1 + 3 = a. Suppose -3*b - 51 = -5*g, q*b - 27 = -2*g + b. What are the prime factors of g?
2, 3
Suppose t = -4 - 4. Let f = t - -13. Suppose -f - 10 = -3*i. What are the prime factors of i?
5
Let r(x) = -x**2 - 7*x - 7. Let c be r(-5). Suppose 145 = c*a + 2*a. What are the prime factors of a?
29
Suppose 4 = 4*d, 2*m = 4*d + 94 + 32. What are the prime factors of m?
5, 13
Suppose 3*y + 3*l = 72, 3*y = -y + 3*l + 61. List the prime factors of y.
19
Suppose -5*w - 805 = 4*s - 9*s, 0 = -5*s + 4*w + 800. List the prime factors of s.
2, 3, 13
Suppose 7 = 2*g - 7. Suppose 0 = -4*f + g*f - 12, 4*l + 4 = 4*f. List the prime factors of l.
3
Suppose -3*f - f - 4 = 0. List the prime factors of (9 - 2 - f)/1.
2
Let m(i) = -i - i**2 + 5*i**2 - 3*i**2 + 0*i**2 + 1. Let v(n) = 3*n**2 - 4*n + 7. Let a(r) = -2*m(r) + v(r). List the prime factors of a(4).
13
Let r = 25 + 27. Suppose 0 = 4*g - r + 8. Suppose -c - g = -4*k, -4*c + 0*k = -5*k. What are the prime factors of c?
5
Suppose 5*n + 0 - 45 = 0. Let z = 11 - 